he prime factors of u(h).
2, 103
Let v = 1 - -997. Let s = v + -516. What are the prime factors of s?
2, 241
Let m(n) = 75*n + 1693. What are the prime factors of m(18)?
17, 179
Suppose 4*g + 2617 = -247. Let o = 177 - g. List the prime factors of o.
19, 47
Let q = 272 + -568. Let a = q - -569. List the prime factors of a.
3, 7, 13
Suppose 0 = 5*y + 3*b + 5, 0 = 4*y - b - 7 - 6. Suppose y*t + d - 211 = 0, 315 = 3*t - 0*d + 3*d. List the prime factors of t.
2, 53
Suppose 19*h - 22259 = -18393 + 70025. List the prime factors of h.
3889
Suppose 0 = -26*q + 186788 + 16298. List the prime factors of q.
73, 107
Let d = -12562 + 28350. What are the prime factors of d?
2, 3947
Suppose 2 = -2*l, 3*j + 4*l = 2*l + 1489. Suppose -1575 - j = -7*c. Suppose 0*t + 4*t = c. What are the prime factors of t?
2, 37
Let q be 16/56 + (-5626)/(-7). Suppose -q = 6*v - 0*v. What are the prime factors of (v/10)/((-4)/20)?
67
Suppose -117180 + 641660 = 55*g. List the prime factors of g.
2, 149
Let n(d) = d**3 - d**2 - 7*d - 8. Let u be n(4). Suppose -u*x = -7*x + 3*r - 274, 5*x + r - 268 = 0. List the prime factors of x.
53
Let s = -3584 + 3686. Let t(q) = -53*q - 7. Let d be t(-5). Let k = d - s. List the prime factors of k.
2, 3, 13
Let d = 78 + -72. List the prime factors of 1092/56*280/d.
2, 5, 7, 13
Let p = 39778 - -4897. What are the prime factors of p?
5, 1787
Suppose -2*h - 38 = 4*s, -4*s - 6 - 12 = -2*h. Let m be 11 + s - (4 + (-4)/2). Suppose 4*x + g = -m*g + 177, 0 = -3*g - 3. List the prime factors of x.
3, 5
Let l(k) = -2*k**3 + 11*k**2 + 92*k - 4. What are the prime factors of l(10)?
2
Let c(s) = 4*s**2 - 13*s + 8. Let i be c(3). Suppose -2*u + 10 = 3*u. Suppose 0 = -4*m + m + 3, -i*m = -u*w + 151. What are the prime factors of w?
2, 3, 13
Let v(h) = 40*h**2 - 3*h - 6. Let o be v(3). Suppose 67*n - 64*n - o = 0. List the prime factors of n.
5, 23
Let o be 0 + 3/9 + (-30)/(-18). Suppose 0 = -o*m + 5 - 1. What are the prime factors of (-2490)/(-18) - m/(-3)?
139
Let m(s) = -9*s - 15. Let p be m(-2). Suppose -2460 = p*w - 23*w. Let o = 326 - w. List the prime factors of o.
7, 29
Let b = 771 - 828. What are the prime factors of 1 - (b + (-8)/(-4))?
2, 7
Suppose 2*l + 4*d = 12, 35 = 4*l - d - 2*d. Let z = l + -71. Let g = 186 + z. List the prime factors of g.
3, 41
List the prime factors of (-12476)/(-7) + (-19)/(931/14).
2, 3, 11
Let y = -58078 - -81456. List the prime factors of y.
2, 11689
Suppose 10*g - 327 = 73. Suppose 0 = -4*h - 3*v + 20 + 11, -5*h + g = 4*v. Suppose -196 = -5*p - k + 464, -5*k + 549 = h*p. What are the prime factors of p?
131
Let w be ((-5)/15)/(1/75). Let f(y) = 46*y + 1. Let h be f(-2). Let l = w - h. List the prime factors of l.
2, 3, 11
Let i = -1628 + 8262. What are the prime factors of i?
2, 31, 107
Suppose -6476 + 18397 = 7*c. Let a = -927 + c. List the prime factors of a.
2, 97
Suppose 0 = -13*n + 10*n + 13989. List the prime factors of n.
4663
Let d = 29658 + -15891. List the prime factors of d.
3, 13, 353
Let s be 6/(-8) - (-45)/12 - -4. Suppose 0 = s*u - 152 - 1094. List the prime factors of u.
2, 89
Let w be -160 - (3 + 0 + -3). Let c = w + 859. Suppose 0 = 6*g + 231 - c. List the prime factors of g.
2, 3, 13
Let f be (-45)/((-5)/(10/3)). Suppose 4*h + 418 + f = 0. Let v = -59 - h. List the prime factors of v.
53
Let k(t) = -2*t - 15. Let w be k(-9). Suppose 945 = w*a - 0*a. List the prime factors of a.
3, 5, 7
Let k(r) = 7*r**2 - 9*r - 445. Let f(n) = n**2 - n. Let a(i) = 6*f(i) - k(i). Let s be a(0). Suppose 72*m - s = 67*m. What are the prime factors of m?
89
Suppose 0 = -23*n + 69714 + 34821. What are the prime factors of n?
3, 5, 101
Suppose 2*f - 5*x - 39720 = 0, 2*f - 59214 + 19446 = -3*x. What are the prime factors of f?
3, 5, 53
Let f = -63 + 70. Suppose -2*u + f*n - 2*n + 46 = 0, 0 = 4*u + 3*n - 144. Suppose 0*g + 5*g - u = -2*y, -2*g - 3 = -y. List the prime factors of y.
3
Let l(n) = n**2 + 2*n - 16. Let c be l(-9). Let m = c + -80. List the prime factors of m*((-4)/16 - 46/8).
2, 3, 11
Suppose 44*u - 186*u + 2726568 = 74*u. What are the prime factors of u?
13, 971
Suppose 3*g + 22716 = 3*s, -7*s = -9*s - 2*g + 15164. What are the prime factors of s?
7577
Suppose 13*u + 8 = 17*u. Suppose 0 = -2*o + t + u + 7, -o = t. Suppose 2*s = 8 - 4, o*n - 2*s - 509 = 0. What are the prime factors of n?
3, 19
Let z = -3 + 5. Let g = 8081 + -8068. Suppose z*x = -g*x + 1425. What are the prime factors of x?
5, 19
List the prime factors of (-1063710)/(-212)*(26/10 + 1).
3, 223
What are the prime factors of 1/(2/186)*816/(-54)*-3?
2, 17, 31
Let b(d) = 1920*d**3 - 3*d**2 + 7*d - 6. List the prime factors of b(1).
2, 7, 137
Let d = 4014 + -2699. Let l = d - 301. What are the prime factors of l?
2, 3, 13
Suppose 5*i + 1219 = -4*y, 0 = 4*y - y - 5*i + 888. Let p = y + 669. What are the prime factors of p?
2, 23
Let f be (93/(-5))/(3/285). Let j = -566 - f. What are the prime factors of j?
1201
Let p be (424/(-16))/((-3)/(-72)). Let s = p - -1309. List the prime factors of s.
673
Suppose -k + 5*i + 643 = 0, 2*i - 2506 = -5*k + k. What are the prime factors of k + (-6)/(-4)*-4?
2, 311
Suppose 294*w + 20 = 298*w. Suppose -w*j - 77 + 660 = 2*m, 2*m = -2*j + 238. What are the prime factors of j?
5, 23
Let r = -92 + 95. Let i be ((-138)/4)/(24/32). Let t = r - i. List the prime factors of t.
7
Suppose 158592 = 170*l - 158*l. What are the prime factors of l?
2, 7, 59
Let l be 29141 + 15/(-2 + 5). List the prime factors of l/52 + 1/(-2).
2, 5, 7
Let w be (((-15)/2)/(-3))/(35/84). List the prime factors of -374*(21/w - 4).
11, 17
Let i be 0 - (25/(-9) + (-28)/126). Suppose -i*b = -9*b + 2790. What are the prime factors of b?
3, 5, 31
Let k = 1777 - 1043. Let t = 2052 - k. What are the prime factors of t?
2, 659
Let g(a) = -a**2 - 7*a - 4. Let v be g(-8). Let l be 1*v/4 - 11. Let o(w) = -w**3 - 12*w**2 + 18*w. List the prime factors of o(l).
2, 5, 7
Suppose -q = 8*q - 54. Let v be (-20)/q + (44/(-12) - -4). What are the prime factors of -22*1/6*v*8?
2, 11
Let g(d) be the second derivative of 2*d**4 - d**2/2 + 3*d + 34. List the prime factors of g(-4).
383
Suppose -769*d - 45 = -774*d. Let m(p) = 118*p - 72. What are the prime factors of m(d)?
2, 3, 5, 11
Let x(r) = r**3 + 17*r**2 + 6*r - 3. Suppose -2*s = 2*h + 24, 4*h + s + 3 + 51 = 0. What are the prime factors of x(h)?
3, 167
Let d be 2 - 8706/(-30) - (-1)/(-5). Suppose 0 = d*f - 293*f + 362. List the prime factors of f.
2, 181
Let l(j) = -j**3 + 6*j**2 - 7*j + 31. Let i be l(6). What are the prime factors of i/((-4)/56 - 0)?
2, 7, 11
Let f = -16 + 19. Let n be f/(90/(-48)) - (-4)/(-10). What are the prime factors of (-1 - 0)*(-5)/n*-10?
5
Suppose 0 = 8*v - 13*v + 20. Suppose -v*q = 2*q - 1956. Suppose 0 = 7*n - q - 444. List the prime factors of n.
2, 5, 11
Let d(f) = -43*f - 127. Let c be d(-3). Suppose -4*q + 370 + 1873 = -5*u, c*q + u - 1111 = 0. What are the prime factors of q?
557
Let w = -160 + 82. Let m(d) = -6*d**2 + 29*d + 13. Let c be m(-9). List the prime factors of c/(-12) - (-13)/w.
61
Let k be (5/(75/(-12)))/(4/(-210)). Suppose -40*y = -k*y + 2144. List the prime factors of y.
2, 67
Suppose -3*f = -4*d - 26, 7 + 16 = 2*f + 3*d. Suppose 2*m = z + 594, 2*z - 297 = 9*m - f*m. What are the prime factors of m?
3, 11
Suppose o - 127 = -o - h, 56 = o + 2*h. Let c be -2 - ((-18)/(-30) - o/10). List the prime factors of (-5)/(-20) - (-823)/c.
2, 103
Suppose -49*t + 46*t + 5*i + 52964 = 0, -4*i + 70544 = 4*t. List the prime factors of t.
3, 5881
Let z = -745 - -828. Suppose 66*p + 21811 = z*p. List the prime factors of p.
1283
Let j = 154 - -994. Let p = j - 267. What are the prime factors of p?
881
Suppose -3*q + m = -33299, 0 = 4*q + m - 33229 - 11158. List the prime factors of q.
2, 31, 179
Let n = -9250 + 15788. What are the prime factors of n?
2, 7, 467
Let i be (146 - 17) + (1 - 4). Suppose 0 = 12*b - 1014 + i. What are the prime factors of b?
2, 37
Let r = -56 - -10. Let u be (r/14 - -3) + 51/7. Suppose 23 = u*m + 9. What are the prime factors of m?
2
Suppose 38*q = -55*q + 2019588. List the prime factors of q.
2, 61, 89
Suppose 3*l = r + 90, -r - 64 + 5 = -2*l. Let q(z) = -z**2 + 33*z + 6. List the prime factors of q(l).
2, 17
Let z(d) = -d + 10. Let t(u) = u**3 + 5*u**2 